7 = -2*n + 5*f - 2*f, f = 5*n - 100. Let y = -16 - -24. What is the remainder when n is divided by y?
5
Let g(u) = -6 + 4 + 6 + u. Suppose -9 = o - 4*s - 0*s, 5*s - 15 = 0. What is the remainder when g(3) is divided by o?
1
Let f(h) = h**3 - h**2 + 5*h + 4. Calculate the remainder when f(3) is divided by 10.
7
Let j(p) = 5*p**2 - p - 1. What is the remainder when (760/(-50) - -14)/(1/(-15)) is divided by j(-1)?
3
Let x = -83 + 48. Calculate the remainder when ((-14)/x)/(2/30) is divided by (-24)/(-9)*(-6)/(-4).
2
Suppose 2*b - 4*y + 456 = 6*b, 5*b - 577 = 2*y. Calculate the remainder when b is divided by 30.
25
Suppose -68 = 7*b - 11*b. Calculate the remainder when b is divided by 4.
1
Let f(r) = -9*r + 4. What is the remainder when f(-2) is divided by 12?
10
Let j(i) = 3*i - 3. What is the remainder when 53 is divided by j(7)?
17
Suppose -5*j + 36 = -3*j. Calculate the remainder when 35 is divided by j.
17
Let r = -2 - -31. What is the remainder when r is divided by 11?
7
Let o = 8 - 3. Let f be 22/o + (-6)/15. Suppose -24 = -f*a - 5*x + 47, -3*a - 3*x + 54 = 0. What is the remainder when 56 is divided by a?
18
Suppose -160 - 10 = -5*u. Let r = 13 + -8. Suppose 0 = 3*w + 5*z - u, -z = 4*z + r. Calculate the remainder when w is divided by 5.
3
Let f = 8 - 3. Let q = 7 + f. Suppose 57 + q = 3*l. What is the remainder when 67 is divided by l?
21
Let v(f) = 5*f - 9. Let k be 2/(-5) + 32/5. What is the remainder when v(k) is divided by 6?
3
Suppose 0 = 2*n - 8 + 2. What is the remainder when ((-12)/n)/(1/(-2)) is divided by 5?
3
Suppose -4*f = -2*c + 14, 3*c - 5*c - 4*f = 10. Let a = 6 - 5. Calculate the remainder when c is divided by a.
0
Let x(u) = 3*u**2 - 13*u - 1. Calculate the remainder when 78 is divided by x(6).
20
Let b = 10 - 16. Let g(k) = k**2 + k + 2. Calculate the remainder when g(b) is divided by 17.
15
Let g(k) = 56*k**3 - 1. Calculate the remainder when g(1) is divided by (-520)/(-28) + (-12)/(-28).
17
Suppose 16 = t - 4*p, 3 = -p - 0. Calculate the remainder when 11 is divided by t.
3
Let j(s) be the third derivative of 41*s**5/60 - s**2. Let x(c) = c**2 - 2*c - 1. What is the remainder when j(-1) is divided by x(-3)?
13
Let v = -148 - -250. Calculate the remainder when v is divided by 21.
18
What is the remainder when 28 is divided by 26/6 + 12/18?
3
Suppose -109 = -3*v - 34. Let u be 30/1*(-16)/20. Let o = -15 - u. What is the remainder when v is divided by o?
7
Let r be (0 + 2 - 1) + 4. Suppose 14 = r*i - 1. Calculate the remainder when 5 is divided by i.
2
Suppose -q = 3*q - 28. Suppose -13 = 14*d - 15*d. Calculate the remainder when d is divided by q.
6
Suppose -16 = t - 1. Let z be (-1)/2 + t/(-6). Suppose -z*x = -0*x - 26. Calculate the remainder when x is divided by 7.
6
What is the remainder when -2*(3 - 4 - (-57)/(-2)) is divided by 9 + 3 + 9/3?
14
Let j(v) = v**2 + 2*v + 3. Suppose 2*u = 7*u. Suppose -24 = -i + d, u = -0*i - 4*i - 2*d + 72. What is the remainder when i is divided by j(-4)?
9
Let d(o) = o - 5. Suppose -4 = -2*j, -5*w + 8 = -4*j - 29. Let u be d(w). Let q = 7 - u. What is the remainder when 5 is divided by q?
2
Let z = 2 - -9. What is the remainder when z is divided by 4?
3
Let y(i) = 2*i - 1. Let x be y(4). Suppose -2*q + x*q = 255. What is the remainder when q is divided by 13?
12
Suppose -g - 96 = t - 4*t, -249 = 3*g + 4*t. Let q = -62 - g. What is the remainder when q is divided by 13?
12
Suppose -t + 2*p + 13 = 0, 7*t - 3*p = 2*t + 51. Let i = t - 7. Suppose 2*q = -i*q + 20. Calculate the remainder when 17 is divided by q.
2
Let j = 39 + -22. Suppose 15 = a - j. Let g = 3 + 14. Calculate the remainder when a is divided by g.
15
What is the remainder when ((-1)/1)/((-1)/20) is divided by 7?
6
Let j = 2 + 0. Let w(o) = 31*o. What is the remainder when w(j) is divided by 21?
20
Let o(g) = -3*g + 4. Let w(a) = -8*a + 12. Let y(r) = -14*o(r) + 5*w(r). Calculate the remainder when 38 is divided by y(3).
8
Suppose -2*j - 13*j + 255 = 0. Suppose 4*v = -m + 196, -5*v + 5*m = -128 - 142. What is the remainder when v is divided by j?
16
Suppose -b = -0 - 2. Let o = b - 9. Let g = 19 + o. What is the remainder when g is divided by 7?
5
Let d = -31 - -45. Calculate the remainder when 53 is divided by d.
11
Suppose 7*d - 13 = 64. Calculate the remainder when d is divided by 8.
3
Let g(n) = n**3 - 17*n**2 + 17*n - 13. Let v be g(16). Suppose j + j - 40 = 0. Calculate the remainder when j is divided by (-2 + v)/((-4)/(-44)).
9
Suppose 2*z = -z + 18. Let y = z - 4. Suppose y*i = -0*i + 16. What is the remainder when 22 is divided by i?
6
Suppose -5*q = -0*q - 210. Suppose -u + 56 = 34. What is the remainder when q is divided by u?
20
Suppose 4*b - 108 = 2*r, -2 = -b - 5*r + 3. Calculate the remainder when b is divided by 14.
11
Let w be 4/1 - 2 - -2. Suppose 0 = -g + 5*g - w. Suppose 0*s - 2 = -2*s. Calculate the remainder when s is divided by g.
0
Suppose -4*y + 4*z - 152 = 0, 5*y + 3*z + 7 = -143. Let v = y - -52. What is the remainder when v is divided by (-2 + 0)*(-7)/2?
5
Let q(x) = 2*x - 4. Calculate the remainder when 41 is divided by q(13).
19
Suppose -3*z - 5*h + 92 - 15 = 0, 0 = -4*h + 16. What is the remainder when z is divided by (-7)/2*14/(-7)?
5
Let o(r) = r**2 + 1. Let t be o(1). Suppose 3*n = 3*k - 114, 3*k - 63 = t*k - 4*n. Calculate the remainder when k is divided by 22.
21
Let d(n) = -n**2 - 6*n + 2. Let u be d(-6). Suppose 4*j - u = 6. What is the remainder when j is divided by 2?
0
Suppose -4*x - x + 105 = 0. Calculate the remainder when 41 is divided by x.
20
Let p = 2 - -1. Suppose -3*h = p*r - 48, -2*h + 0*r + 44 = 5*r. Let y(j) = 8*j**2 + j + 1. Calculate the remainder when y(2) is divided by h.
11
Let c(x) = -3*x - 2. Let h(z) = 53*z**2 + z. Let k be h(1). Suppose 2*f - 177 = -5*s - k, -225 = -5*f + 4*s. Calculate the remainder when f is divided by c(-5).
10
Suppose -3*z = p - 380, -5*z - 3*p + p = -635. Calculate the remainder when z is divided by 9.
8
What is the remainder when 3/((-30)/(-8))*(-2255)/(-22) is divided by 42?
40
Let w = -15 - 24. Let j = w + 62. Let p = -9 + 17. What is the remainder when j is divided by p?
7
Suppose 360 = 3*n - n. Suppose 0 = -5*p + 3*t - 19 + n, 3*p + 2*t = 108. What is the remainder when p is divided by 9?
7
Let z(a) = -a**3 + 6*a**2 - 4*a - 1. Let y be z(5). Let v = 2 + y. Calculate the remainder when v is divided by 4.
2
Calculate the remainder when ((-54)/5)/(1/(-10)*2) is divided by 28.
26
Suppose 2*m + 0*m - 4 = 0. Let i be (-104)/(-28) - m/(-7). Suppose 2*h + 3*h - i = l, 6 = 3*h. Calculate the remainder when 11 is divided by l.
5
Let h(r) = r**2 + r - 2. Suppose 18 = 2*g - 8*g. Let m(f) = f**3 + 6*f**2 + 4*f + 4. What is the remainder when m(g) is divided by h(3)?
9
Let b be 24/2*4/3. Suppose n = -n + b. Suppose 0 = -5*m - 3*g + 81, 4*g + 4 = m - 3. Calculate the remainder when m is divided by n.
7
Let d(p) = -23*p + 1. Let o(n) = -n**2 - n + 5. Let x be o(0). Suppose x*k + 0*k - 235 = 0. What is the remainder when k is divided by d(-1)?
23
Calculate the remainder when 34 is divided by (-184)/(-18) + (-14)/63.
4
Suppose 2*j + 27 = n, 0 = -3*j - 8 - 1. Calculate the remainder when 60 is divided by n.
18
What is the remainder when 22 is divided by 18/5*(-20)/(-6)?
10
Let w(f) be the second derivative of f**3/3 + 13*f**2/2 + 3*f. Calculate the remainder when 23 is divided by w(0).
10
Let u = -118 - -130. Suppose -2*o = 2*b - 14, -4*b + 4*o + 15 - 3 = 0. Calculate the remainder when u is divided by b.
2
Let z(t) = t**2 + t - 1. Let m be z(0). Let s = 9 + m. What is the remainder when (1 - 2)*(-12 + -2) is divided by s?
6
Let x = -28 + 98. What is the remainder when x is divided by 24?
22
Let l(j) = 5*j + 85. What is the remainder when l(-12) is divided by 7?
4
Suppose -4*d - 2*t = -5*t - 17, -4*t - 14 = -d. Calculate the remainder when (2 + 4)/(-3) - -6 is divided by d.
0
Let d be -3 - (6/(-3) + 0). Let n(b) = -63*b + 1. Let y be n(d). Suppose y + 14 = 3*h. What is the remainder when h is divided by 9?
8
Let b = 111 + -68. Suppose -2*n + 5*d = -n - 39, -5*n + 126 = -2*d. Suppose 4*w - 22 = 5*r + 48, 3*r - n = -2*w. What is the remainder when b is divided by w?
13
Let g be (3/6)/((-2)/8). Let a = 2 - g. Suppose 3 - 12 = -3*i. Calculate the remaind